ppose -4*p = -6*p + 12. Let z(i) = -64 + 64 + i. Give z(p).
6
Let n(q) be the second derivative of q**4/12 - 2*q**3/3 - q**2/2 + q. Let s(h) be the first derivative of n(h). Let x be (-42)/(-12) - (-2)/4. Give s(x).
4
Let t be (-56)/(-42) - (-2)/3. Let q(i) = 2*i**2 - 2*i + 3. Give q(t).
7
Let p(h) = -2*h**2 - 2*h. Let w(r) = r + 3. Let c be w(-9). Let t be 1*(-2)/4*c. Suppose -t*q - 8 = q. What is p(q)?
-4
Let w(i) = i + 18. Let f(x) = 1. Let p(j) = 2*f(j) + w(j). Determine p(0).
20
Suppose -3*o + 4*j - 13 = 0, -3*o - 3*j + 15 = -0*o. Let s be o - 3/6*-2. Let f(i) = -2*i**3 - s*i**2 + 2*i**2. Give f(1).
-2
Let b(l) be the second derivative of -l**4/12 + l**3/6 - 3*l. Let f(c) = -c**2 - 4*c + 4. Let s(p) = -2*b(p) + f(p). Calculate s(4).
-4
Let g(c) be the first derivative of c**3/3 + 3*c**2/2 + c + 59. Let u be ((-6)/(-4))/((-9)/12). Calculate g(u).
-1
Let m(a) = -a**2 - 2*a + 3. Let x = 21 + -16. Suppose -11 - 4 = x*d. Calculate m(d).
0
Let l = 9 + -6. Suppose 0 = -0*g + 3*g + l. Let j(c) = c**2 + 321*c - 321*c + 10*c**3. Give j(g).
-9
Let h(b) = -1386*b**2 + 6 + 1377*b**2 + b**3 + 0*b - b. What is h(9)?
-3
Let n = -5 + 8. Let f(v) = n - v - 4 + 1 + 6*v**2. Calculate f(1).
5
Suppose 5 + 7 = 4*x. Let n(y) be the second derivative of y**4/4 - 2*y**3/3 - 38*y - 1. Give n(x).
15
Suppose 4*r - 20 = 4. Let d(w) = w - 6. Let f be d(r). Suppose f = 2*s + 6. Let v(n) = n**2 + 3*n - 3. What is v(s)?
-3
Let a(z) be the first derivative of -z**2 - 2*z + 3. Let o = 0 + 2. Give a(o).
-6
Let o be 4 + 0/2 + 0. Let n(y) = 4*y - 2. Suppose -12 = -3*d, 4*h + 3*d = d + 24. Let g(m) = 1. Let r(a) = h*g(a) - n(a). Calculate r(o).
-10
Let x(z) be the first derivative of -z**6/360 + z**5/120 - z**4/24 - 5*z**3/3 - 1. Let y(d) be the third derivative of x(d). Calculate y(-3).
-13
Let q(i) = -5*i**2 - 5*i - 2. Let s(l) = 11*l**2 + 11*l + 3. Let j(p) = -13*q(p) - 6*s(p). Calculate j(0).
8
Let c(k) = -2*k**2 - 5*k + 5. Let d(z) = z**2 + 3*z - 3. Suppose j + 2 = 5. Let l(u) = j*c(u) + 5*d(u). Let v(g) = g - 5. Let h be v(6). Determine l(h).
-1
Let n(g) = g - 2. Suppose -m - 9 = 2*f, -4*m - f + 4 = 12. Let d = 7 + m. What is n(d)?
4
Let g(y) be the first derivative of 4*y - 3*y + 8*y**2 + 1 + 3*y. Let c(t) = -4*t - 1. Let l(r) = -9*c(r) - 2*g(r). Give l(2).
9
Let j(m) = m**2 + 5 + 8*m - 6 + 8. Let b(x) = x**2 + 7*x + 6. Let v(q) = -6*b(q) + 5*j(q). Suppose 0 = 3*i - 5*z + 13 + 6, -16 = 2*i - 4*z. What is v(i)?
-9
Let l(a) = 9*a + 7*a - 17*a - 14 + 3. What is l(0)?
-11
Let p(m) = -2*m**2 + 3*m + 3. Suppose 0 = -2*k - 4*a - 2 - 4, -4*k - 5*a = 3. Calculate p(k).
-6
Let w(c) = -3 + 0*c - 2*c + 1 - c. Give w(-2).
4
Let b(j) be the second derivative of -j**3/3 - 5*j**2/2 - 8*j. Calculate b(6).
-17
Let v(i) be the first derivative of 6 - i**2 + i + 0*i**3 - 2*i - 5 - 3*i**3. Suppose f = 2*o + 7, -3*o - 2*f = -4*f + 13. Give v(o).
-8
Suppose -4*i = -0*i - 12. Suppose -s = i*s. Let v(o) = -4 + 5*o - o**2 + 0 + s*o**2. Give v(3).
2
Let a(l) = -l**3 - 6*l**2 - 5*l + 3. Let x(z) = -z**2 - 6*z - 10. Let y be x(-5). Determine a(y).
3
Let k(m) = -m**2 - 2. Suppose 4*t + 3*f - 2 - 22 = 0, -t + 5*f = -29. Let v(o) = -o**3 - 3*o + t + 8*o**2 + 11*o - 14*o**2. Let u be v(-7). Determine k(u).
-6
Suppose -4*w + 2*w = t + 6, 12 = 5*t - 4*w. Let s = t + 5. Suppose -4*l = -3*l + s. Let a(x) = x + 5. What is a(l)?
0
Let v(k) = 0*k - 5*k - 6*k + 4*k. Determine v(1).
-7
Let b(z) = -z**3 + 2*z**2 + 6*z - 9. Suppose -5*w - 17 = 4*v - 51, 0 = -3*w + 6. Let k(p) = -p**2 + 1. Let d(c) = v*k(c) + b(c). Give d(-5).
-8
Let f(y) = 4*y - 6*y + 3*y. Let g be 0 - (1 + (0 - 11)). Let u = g - 5. Determine f(u).
5
Suppose -2*c + 7*c = 20. Let b(w) be the third derivative of w**5/30 - 5*w**4/24 - w**3/6 - 2*w**2. What is b(c)?
11
Let r = -6 + 4. Let d(b) be the third derivative of -b**6/120 - b**5/20 - b**4/12 - b**3/6 + 3*b**2. Determine d(r).
-1
Suppose 0 = 2*c - 9 - 1. Let p(w) = w**3 - w - c - 2 - 7*w**2 + 17. What is p(7)?
3
Let d = 28 - 13. Suppose -6*x + d = -x. Let p be 2/x*(-150)/(-20). Let l(v) = -v + 9. What is l(p)?
4
Let y(m) = 1. Let g(t) = t**2 + 1. Let d(a) = -4*g(a) + 7*y(a). Let u(i) be the first derivative of d(i). Determine u(-1).
8
Suppose -2*i = -5*x + 188, -5*x + i = 5*i - 194. Let a(b) = 1 - 2 + 29*b**2 - x*b**2 - b. Give a(-1).
-9
Let f(v) be the first derivative of 2*v + 2 + 1/2*v**2. Determine f(-5).
-3
Let l(s) be the first derivative of -1/2*s**2 - s - 3. Suppose 0 = 3*f - 0*f - 9. Give l(f).
-4
Let j = 3 + -1. Let r(l) = 3 - j + 2*l - l. Determine r(0).
1
Let d(n) = 5*n**3 + n**2 + 8 - 8. What is d(1)?
6
Suppose 6*y = 2*y. Suppose -3*c + 15 = -y*c. Let m(i) = -1 - 6*i**2 - 2*i + 2*i**2 + c*i**2. Determine m(-2).
7
Let r(x) = -3*x + 8 - x + 8*x - 5*x. Determine r(5).
3
Let p = -10 + 1. Let n(u) = -u**2 - 8*u + 11. Determine n(p).
2
Let y(h) = -h**2 - 7*h + 8. Let n be y(-8). Let i(f) = -2*f**2 - 5*f + n - 2 + 6*f + f**2. Suppose 2*u - 4 = 2*v, v - 2*u + 0 + 6 = 0. Determine i(v).
-4
Let l(f) be the first derivative of f**4/8 + f**3/6 - 3*f**2/2 - 1. Let i(h) be the second derivative of l(h). Determine i(-2).
-5
Let g(w) = -2*w - 4. Let t(v) = 4*v + 7. Let c(f) = 11*g(f) + 6*t(f). Let i = 1 - -2. Let k be (-1)/i + 25/(-15). What is c(k)?
-6
Let j(k) = -k + 0*k - 1 + 1. Calculate j(5).
-5
Suppose -2*f = 5*y - 34, -7*y + 4*f + 16 = -3*y. Let d(c) = c**3 - 7*c**2 + 6*c - 5. Let x be d(y). Let t(w) = -w**2 - 2*w + 7. Determine t(x).
-8
Let c(u) = 11*u**2 + u + 10 - 7 - 5 - 13 - u**3. Calculate c(11).
-4
Let k(n) be the third derivative of 7/24*n**4 + 0 + 1/60*n**5 + 1/3*n**3 + 0*n - 4*n**2. Give k(-6).
-4
Let k(w) = -7 + 6*w - 2*w**2 + 0*w**2 + 2*w**2 + w**2. Determine k(-6).
-7
Let h(r) = -r**3 + 8*r**2 - 5*r - 9. Let p be (21/6)/(4/8). What is h(p)?
5
Let v(i) be the third derivative of i**5/60 + i**4/12 - i**3/3 - 21*i**2. What is v(-3)?
1
Let n = -20 + 31. Let b(i) = -i + 11. Determine b(n).
0
Let y(m) = -3 + 3*m**2 + 0 - 3*m - 5*m**2 + m**2. Determine y(-3).
-3
Let s(h) be the third derivative of h**5/60 + h**4/3 - h**3 + 59*h**2. Give s(-8).
-6
Let j(o) = -o**3 - 7*o**2 - 4*o + 8. Let p = -10 - -4. Let k be j(p). Let y(s) = 3*s + 5. Determine y(k).
-7
Let p(o) = o + 1. Let r(f) = -2*f - 2. Let q(n) = 9*p(n) + 4*r(n). Calculate q(-2).
-1
Suppose -3*d + 5*t - 5 = d, -5*d = 5*t - 50. Let j(b) = -4 + 3 + 5*b - 5 - b**2. Calculate j(d).
-6
Let w(n) = 3*n - 1. Suppose 3*x - d = -18, 2*x - 6*x - 19 = -3*d. Let f = x + 7. Suppose 0 = -3*j + 2*u + 5, f = -j - 4*u - 1 - 2. Calculate w(j).
2
Let z(y) be the third derivative of y**5/60 - y**4/12 - 2*y**3/3 + y**2. Let t be 6 - (8 + -4) - (-3 + 1). Calculate z(t).
4
Let w(l) = l + 15. Suppose 0 = 19*u - 16*u + 33. Give w(u).
4
Let g(j) be the second derivative of j**5/20 - 2*j**4/3 - j**3/6 + 11*j**2/2 + 4*j. Let t be g(8). Let m(p) = -p**3 + 3*p**2 - 2*p - 4. Give m(t).
-10
Let r(t) be the first derivative of 4*t**3/3 - t - 1. Let i be 7/(-9) - 8/36. Let s be r(i). Let q(v) = v**3 - 3*v**2 + 3*v + 1. Determine q(s).
10
Let q(t) = t**3 + 14*t**2 + 7*t + 17. Let s(k) = 2*k**3 + 27*k**2 + 15*k + 33. Let x(i) = -7*q(i) + 4*s(i). Determine x(-9).
-5
Let y be (-9)/21 - (4 + 59/(-7)). Let r(u) = u**2 - 4*u + 2. What is r(y)?
2
Let h(g) = g**3 - 4*g**2 - 5*g - 2. Suppose -16 = -2*z - 4. Let k = z + -1. Calculate h(k).
-2
Let z be 38/4 - (-3)/6. Let k(a) = -a - 2*a + a - z. Determine k(-7).
4
Let h = 13 - 9. Let w(u) be the first derivative of -h*u + 4/3*u**3 - 3*u**2 + 1/4*u**4 - 1. Calculate w(-5).
1
Let r = -3 + -2. Let f(o) = -13*o + 4. Let c(m) = -25*m + 7. Let p(z) = r*f(z) + 3*c(z). What is p(1)?
-9
Let d(t) = -8*t - 10. Let n(i) = -i - 1. Let y(k) = -d(k) + 5*n(k). Give y(-4).
-7
Let p(g) = -2*g + 21. Let n be p(10). Let x(u) = -10*u**2 + 2*u - 1. Give x(n).
-9
Let m(w) = -w. Let b(p) = -4*p + 21. Let t be b(4). What is m(t)?
-5
Suppose 5*i - 7 = -2*i. Let p(r) = 7*r**3 + r**2 - r. Calculate p(i).
7
Suppose 2*o + 3*o + 2*l = 25, o + l - 2 = 0. Let x(f) = -f**2 + 8*f - 3. Calculate x(o).
4
Suppose 0 = -j + 6*j + 25. Let h(y) = 3*y - 7. Let a(k) be the second derivative of 5*k**3/6 - 5*k**2 + k. Let x(f) = j*a(f) + 8*h(f). Give x(0).
-6
Let d(o) be the first derivative of o**2/2 - 6*o + 4. Calculate d(0).
-6
Let i(n) = 5*n**2 - n**3 + 3 + 3 +